{"id":255,"date":"2018-04-16T22:02:47","date_gmt":"2018-04-16T20:02:47","guid":{"rendered":"http:\/\/www.leoia.fr\/?page_id=255"},"modified":"2021-04-26T21:17:16","modified_gmt":"2021-04-26T19:17:16","slug":"troubles-des-apprentissages","status":"publish","type":"page","link":"https:\/\/www.leoia.fr\/?page_id=255","title":{"rendered":"Apprentissages"},"content":{"rendered":"<p>La tenue du crayon peut \u00eatre travaill\u00e9e au domicile comme \u00e0 l\u2019\u00e9cole en r\u00e9alisant dans l\u2019ordre ces exercices :<\/p>\n<p>La chenille:<\/p>\n<p><iframe loading=\"lazy\" title=\"Chenille\" width=\"500\" height=\"281\" src=\"https:\/\/www.youtube.com\/embed\/80W5f7fhECA?feature=oembed\" frameborder=\"0\" allow=\"accelerometer; autoplay; clipboard-write; encrypted-media; gyroscope; picture-in-picture; web-share\" referrerpolicy=\"strict-origin-when-cross-origin\" allowfullscreen><\/iframe><\/p>\n<p>Le cocon:<\/p>\n<p><iframe loading=\"lazy\" title=\"Le cocon\" width=\"500\" height=\"281\" src=\"https:\/\/www.youtube.com\/embed\/NcLEZw1FXM4?feature=oembed\" frameborder=\"0\" allow=\"accelerometer; autoplay; clipboard-write; encrypted-media; gyroscope; picture-in-picture; web-share\" referrerpolicy=\"strict-origin-when-cross-origin\" allowfullscreen><\/iframe><\/p>\n<p>Le papillon:<\/p>\n<p><iframe loading=\"lazy\" title=\"Le papillon\" width=\"500\" height=\"281\" src=\"https:\/\/www.youtube.com\/embed\/MM6-DujZmKE?feature=oembed\" frameborder=\"0\" allow=\"accelerometer; autoplay; clipboard-write; encrypted-media; gyroscope; picture-in-picture; web-share\" referrerpolicy=\"strict-origin-when-cross-origin\" allowfullscreen><\/iframe><\/p>\n<p>Josiane Caron Santha, ergoth\u00e9rapeute, propose une vid\u00e9o tr\u00e8s bien r\u00e9alis\u00e9e pour la pose des doigts sur le scripteur :<\/p>\n<p><iframe loading=\"lazy\" title=\"PRISE DU CRAYON 2: L&#039;histoire de la voiture pr\u00e9sent\u00e9e aux enfants (ergoth\u00e9rapie)\" width=\"500\" height=\"281\" src=\"https:\/\/www.youtube.com\/embed\/106m7nKdcYo?feature=oembed\" frameborder=\"0\" allow=\"accelerometer; autoplay; clipboard-write; encrypted-media; gyroscope; picture-in-picture; web-share\" referrerpolicy=\"strict-origin-when-cross-origin\" allowfullscreen><\/iframe><\/p>\n<p><a href=\"https:\/\/serpodile.com\/\">Des cahiers avec des lignes adapt\u00e9es<\/a> sont disponibles\u00a0\u00e0 l&rsquo;achat ou vous pouvez imprimer <a href=\"http:\/\/www.leoia.fr\/wp-content\/uploads\/2018\/03\/grandes-interlignes.pdf\">des grandes interlignes<\/a> ou <a href=\"http:\/\/www.leoia.fr\/wp-content\/uploads\/2018\/03\/petites-interlignes.pdf\">des petites interlignes<\/a>.<\/p>\n<p>L\u2019enfant commence \u00e0 apprendre la num\u00e9ration en comptant sur ses doigts. Il est plus ad\u00e9quat d\u2019apprendre d\u2019abord \u00e0 l\u2019enfant \u00e0 compter sur ses doigts longs, en commen\u00e7ant poing ferm\u00e9 par l\u2019auriculaire et en finissant par le pouce.<\/p>\n<p>Pour gommer sans d\u00e9chirer le support, il faut passer la gomme entre le pouce et l&rsquo;index de l&rsquo;autre main\u00a0 qui est pos\u00e9e \u00e0 plat sur la copie:<\/p>\n<p><iframe loading=\"lazy\" title=\"Gommer\" width=\"500\" height=\"281\" src=\"https:\/\/www.youtube.com\/embed\/nqnVpsk-D14?feature=oembed\" frameborder=\"0\" allow=\"accelerometer; autoplay; clipboard-write; encrypted-media; gyroscope; picture-in-picture; web-share\" referrerpolicy=\"strict-origin-when-cross-origin\" allowfullscreen><\/iframe><\/p>\n<p>Des aides techniques peuvent faciliter sa scolarit\u00e9, si votre enfant pr\u00e9sente des probl\u00e8mes praxiques. Ces recommandations ne sont pas la panac\u00e9e et pourront \u00eatre revues avec votre ergoth\u00e9rapeute.<\/p>\n<p>Pour le primaire : <a href=\"http:\/\/www.leoia.fr\/wp-content\/uploads\/2018\/03\/document-primaire.pdf\">lien document primaire<\/a><\/p>\n<p>Pour le secondaire : <a href=\"http:\/\/www.leoia.fr\/wp-content\/uploads\/2018\/03\/document-secondaire.pdf\">lien document secondaire<\/a><\/p>\n<p>Pour le d\u00e9coupage et faciliter l&#8217;emploi des ciseaux, le pouce est install\u00e9 dans l&rsquo;anneau sup\u00e9rieur et l&rsquo;annulaire doit \u00eatre plac\u00e9 dans l&rsquo;anneau inf\u00e9rieur.<\/p>\n<p><img loading=\"lazy\" decoding=\"async\" class=\"alignnone size-medium wp-image-203\" src=\"http:\/\/www.leoia.fr\/wp-content\/uploads\/2018\/04\/Photo0274-300x225.jpg\" alt=\"\" width=\"300\" height=\"225\" srcset=\"https:\/\/www.leoia.fr\/wp-content\/uploads\/2018\/04\/Photo0274-300x225.jpg 300w, https:\/\/www.leoia.fr\/wp-content\/uploads\/2018\/04\/Photo0274-768x576.jpg 768w, https:\/\/www.leoia.fr\/wp-content\/uploads\/2018\/04\/Photo0274-1024x768.jpg 1024w, https:\/\/www.leoia.fr\/wp-content\/uploads\/2018\/04\/Photo0274.jpg 2048w\" sizes=\"auto, (max-width: 300px) 100vw, 300px\" \/><\/p>\n<p>Une fois ouverte, vous pouvez diff\u00e9rencier une paire de ciseaux de gaucher ou de droitier. La lame sup\u00e9rieur l&rsquo;indique simplement; \u00e0 droite pour une paire de ciseaux de droitier et \u00e0 gauche pour une paire de ciseaux de gaucher.<\/p>\n","protected":false},"excerpt":{"rendered":"<p>La tenue du crayon peut \u00eatre travaill\u00e9e au domicile comme \u00e0 l\u2019\u00e9cole en r\u00e9alisant dans l\u2019ordre ces exercices : La chenille: Le cocon: Le papillon: Josiane Caron Santha, ergoth\u00e9rapeute, propose une vid\u00e9o tr\u00e8s bien r\u00e9alis\u00e9e pour la pose des doigts sur le scripteur : Des cahiers avec des lignes adapt\u00e9es sont disponibles\u00a0\u00e0 l&rsquo;achat ou vous [&hellip;]<\/p>\n","protected":false},"author":1,"featured_media":0,"parent":0,"menu_order":0,"comment_status":"closed","ping_status":"closed","template":"","meta":{"footnotes":""},"class_list":["post-255","page","type-page","status-publish","hentry"],"yoast_head":"<!-- This site is optimized with the Yoast SEO plugin v27.4 - https:\/\/yoast.com\/product\/yoast-seo-wordpress\/ -->\n<title>Apprentissages &#8902; Vers la sant\u00e9, l&#039;\u00e9ducation et le bien-\u00eatre au quotidien<\/title>\n<meta name=\"robots\" content=\"index, follow, max-snippet:-1, max-image-preview:large, max-video-preview:-1\" \/>\n<link rel=\"canonical\" href=\"https:\/\/www.leoia.fr\/?page_id=255\" \/>\n<meta property=\"og:locale\" content=\"fr_FR\" \/>\n<meta property=\"og:type\" content=\"article\" \/>\n<meta property=\"og:title\" content=\"Apprentissages &#8902; Vers la sant\u00e9, l&#039;\u00e9ducation et le bien-\u00eatre au quotidien\" \/>\n<meta property=\"og:description\" content=\"La tenue du crayon peut \u00eatre travaill\u00e9e au domicile comme \u00e0 l\u2019\u00e9cole en r\u00e9alisant dans l\u2019ordre ces exercices : La chenille: Le cocon: Le papillon: Josiane Caron Santha, ergoth\u00e9rapeute, propose une vid\u00e9o tr\u00e8s bien r\u00e9alis\u00e9e pour la pose des doigts sur le scripteur : Des cahiers avec des lignes adapt\u00e9es sont disponibles\u00a0\u00e0 l&rsquo;achat ou vous [&hellip;]\" \/>\n<meta property=\"og:url\" content=\"https:\/\/www.leoia.fr\/?page_id=255\" \/>\n<meta property=\"og:site_name\" content=\"Vers la sant\u00e9, l&#039;\u00e9ducation et le bien-\u00eatre au quotidien\" \/>\n<meta property=\"article:modified_time\" content=\"2021-04-26T19:17:16+00:00\" \/>\n<meta property=\"og:image\" content=\"http:\/\/www.leoia.fr\/wp-content\/uploads\/2018\/04\/Photo0274-300x225.jpg\" \/>\n<meta name=\"twitter:card\" content=\"summary_large_image\" \/>\n<meta name=\"twitter:label1\" content=\"Dur\u00e9e de lecture estim\u00e9e\" \/>\n\t<meta name=\"twitter:data1\" content=\"2 minutes\" \/>\n<script type=\"application\/ld+json\" class=\"yoast-schema-graph\">{\"@context\":\"https:\\\/\\\/schema.org\",\"@graph\":[{\"@type\":\"WebPage\",\"@id\":\"https:\\\/\\\/www.leoia.fr\\\/?page_id=255\",\"url\":\"https:\\\/\\\/www.leoia.fr\\\/?page_id=255\",\"name\":\"Apprentissages &#8902; Vers la sant\u00e9, l&#039;\u00e9ducation et le bien-\u00eatre au quotidien\",\"isPartOf\":{\"@id\":\"https:\\\/\\\/www.leoia.fr\\\/#website\"},\"primaryImageOfPage\":{\"@id\":\"https:\\\/\\\/www.leoia.fr\\\/?page_id=255#primaryimage\"},\"image\":{\"@id\":\"https:\\\/\\\/www.leoia.fr\\\/?page_id=255#primaryimage\"},\"thumbnailUrl\":\"http:\\\/\\\/www.leoia.fr\\\/wp-content\\\/uploads\\\/2018\\\/04\\\/Photo0274-300x225.jpg\",\"datePublished\":\"2018-04-16T20:02:47+00:00\",\"dateModified\":\"2021-04-26T19:17:16+00:00\",\"breadcrumb\":{\"@id\":\"https:\\\/\\\/www.leoia.fr\\\/?page_id=255#breadcrumb\"},\"inLanguage\":\"fr-FR\",\"potentialAction\":[{\"@type\":\"ReadAction\",\"target\":[\"https:\\\/\\\/www.leoia.fr\\\/?page_id=255\"]}]},{\"@type\":\"ImageObject\",\"inLanguage\":\"fr-FR\",\"@id\":\"https:\\\/\\\/www.leoia.fr\\\/?page_id=255#primaryimage\",\"url\":\"https:\\\/\\\/www.leoia.fr\\\/wp-content\\\/uploads\\\/2018\\\/04\\\/Photo0274.jpg\",\"contentUrl\":\"https:\\\/\\\/www.leoia.fr\\\/wp-content\\\/uploads\\\/2018\\\/04\\\/Photo0274.jpg\",\"width\":2048,\"height\":1536},{\"@type\":\"BreadcrumbList\",\"@id\":\"https:\\\/\\\/www.leoia.fr\\\/?page_id=255#breadcrumb\",\"itemListElement\":[{\"@type\":\"ListItem\",\"position\":1,\"name\":\"Accueil\",\"item\":\"https:\\\/\\\/www.leoia.fr\\\/\"},{\"@type\":\"ListItem\",\"position\":2,\"name\":\"Apprentissages\"}]},{\"@type\":\"WebSite\",\"@id\":\"https:\\\/\\\/www.leoia.fr\\\/#website\",\"url\":\"https:\\\/\\\/www.leoia.fr\\\/\",\"name\":\"Vers le bien-\u00eatre au quotidien\",\"description\":\"L&#039;ErgOth\u00e9rapie, l&#039;Ind\u00e9pendance et l&#039;Autonomie\",\"publisher\":{\"@id\":\"https:\\\/\\\/www.leoia.fr\\\/#organization\"},\"potentialAction\":[{\"@type\":\"SearchAction\",\"target\":{\"@type\":\"EntryPoint\",\"urlTemplate\":\"https:\\\/\\\/www.leoia.fr\\\/?s={search_term_string}\"},\"query-input\":{\"@type\":\"PropertyValueSpecification\",\"valueRequired\":true,\"valueName\":\"search_term_string\"}}],\"inLanguage\":\"fr-FR\"},{\"@type\":\"Organization\",\"@id\":\"https:\\\/\\\/www.leoia.fr\\\/#organization\",\"name\":\"Leoia\",\"url\":\"https:\\\/\\\/www.leoia.fr\\\/\",\"logo\":{\"@type\":\"ImageObject\",\"inLanguage\":\"fr-FR\",\"@id\":\"https:\\\/\\\/www.leoia.fr\\\/#\\\/schema\\\/logo\\\/image\\\/\",\"url\":\"https:\\\/\\\/www.leoia.fr\\\/wp-content\\\/uploads\\\/2018\\\/05\\\/logo-Copie.jpg\",\"contentUrl\":\"https:\\\/\\\/www.leoia.fr\\\/wp-content\\\/uploads\\\/2018\\\/05\\\/logo-Copie.jpg\",\"width\":421,\"height\":298,\"caption\":\"Leoia\"},\"image\":{\"@id\":\"https:\\\/\\\/www.leoia.fr\\\/#\\\/schema\\\/logo\\\/image\\\/\"},\"sameAs\":[\"https:\\\/\\\/www.linkedin.com\\\/in\\\/antoine-coquillon-7a426260\\\/\"]}]}<\/script>\n<!-- \/ Yoast SEO plugin. -->","yoast_head_json":{"title":"Apprentissages &#8902; Vers la sant\u00e9, l&#039;\u00e9ducation et le bien-\u00eatre au quotidien","robots":{"index":"index","follow":"follow","max-snippet":"max-snippet:-1","max-image-preview":"max-image-preview:large","max-video-preview":"max-video-preview:-1"},"canonical":"https:\/\/www.leoia.fr\/?page_id=255","og_locale":"fr_FR","og_type":"article","og_title":"Apprentissages &#8902; Vers la sant\u00e9, l&#039;\u00e9ducation et le bien-\u00eatre au quotidien","og_description":"La tenue du crayon peut \u00eatre travaill\u00e9e au domicile comme \u00e0 l\u2019\u00e9cole en r\u00e9alisant dans l\u2019ordre ces exercices : La chenille: Le cocon: Le papillon: Josiane Caron Santha, ergoth\u00e9rapeute, propose une vid\u00e9o tr\u00e8s bien r\u00e9alis\u00e9e pour la pose des doigts sur le scripteur : Des cahiers avec des lignes adapt\u00e9es sont disponibles\u00a0\u00e0 l&rsquo;achat ou vous [&hellip;]","og_url":"https:\/\/www.leoia.fr\/?page_id=255","og_site_name":"Vers la sant\u00e9, l&#039;\u00e9ducation et le bien-\u00eatre au quotidien","article_modified_time":"2021-04-26T19:17:16+00:00","og_image":[{"url":"http:\/\/www.leoia.fr\/wp-content\/uploads\/2018\/04\/Photo0274-300x225.jpg","type":"","width":"","height":""}],"twitter_card":"summary_large_image","twitter_misc":{"Dur\u00e9e de lecture estim\u00e9e":"2 minutes"},"schema":{"@context":"https:\/\/schema.org","@graph":[{"@type":"WebPage","@id":"https:\/\/www.leoia.fr\/?page_id=255","url":"https:\/\/www.leoia.fr\/?page_id=255","name":"Apprentissages &#8902; Vers la sant\u00e9, l&#039;\u00e9ducation et le bien-\u00eatre au quotidien","isPartOf":{"@id":"https:\/\/www.leoia.fr\/#website"},"primaryImageOfPage":{"@id":"https:\/\/www.leoia.fr\/?page_id=255#primaryimage"},"image":{"@id":"https:\/\/www.leoia.fr\/?page_id=255#primaryimage"},"thumbnailUrl":"http:\/\/www.leoia.fr\/wp-content\/uploads\/2018\/04\/Photo0274-300x225.jpg","datePublished":"2018-04-16T20:02:47+00:00","dateModified":"2021-04-26T19:17:16+00:00","breadcrumb":{"@id":"https:\/\/www.leoia.fr\/?page_id=255#breadcrumb"},"inLanguage":"fr-FR","potentialAction":[{"@type":"ReadAction","target":["https:\/\/www.leoia.fr\/?page_id=255"]}]},{"@type":"ImageObject","inLanguage":"fr-FR","@id":"https:\/\/www.leoia.fr\/?page_id=255#primaryimage","url":"https:\/\/www.leoia.fr\/wp-content\/uploads\/2018\/04\/Photo0274.jpg","contentUrl":"https:\/\/www.leoia.fr\/wp-content\/uploads\/2018\/04\/Photo0274.jpg","width":2048,"height":1536},{"@type":"BreadcrumbList","@id":"https:\/\/www.leoia.fr\/?page_id=255#breadcrumb","itemListElement":[{"@type":"ListItem","position":1,"name":"Accueil","item":"https:\/\/www.leoia.fr\/"},{"@type":"ListItem","position":2,"name":"Apprentissages"}]},{"@type":"WebSite","@id":"https:\/\/www.leoia.fr\/#website","url":"https:\/\/www.leoia.fr\/","name":"Vers le bien-\u00eatre au quotidien","description":"L&#039;ErgOth\u00e9rapie, l&#039;Ind\u00e9pendance et l&#039;Autonomie","publisher":{"@id":"https:\/\/www.leoia.fr\/#organization"},"potentialAction":[{"@type":"SearchAction","target":{"@type":"EntryPoint","urlTemplate":"https:\/\/www.leoia.fr\/?s={search_term_string}"},"query-input":{"@type":"PropertyValueSpecification","valueRequired":true,"valueName":"search_term_string"}}],"inLanguage":"fr-FR"},{"@type":"Organization","@id":"https:\/\/www.leoia.fr\/#organization","name":"Leoia","url":"https:\/\/www.leoia.fr\/","logo":{"@type":"ImageObject","inLanguage":"fr-FR","@id":"https:\/\/www.leoia.fr\/#\/schema\/logo\/image\/","url":"https:\/\/www.leoia.fr\/wp-content\/uploads\/2018\/05\/logo-Copie.jpg","contentUrl":"https:\/\/www.leoia.fr\/wp-content\/uploads\/2018\/05\/logo-Copie.jpg","width":421,"height":298,"caption":"Leoia"},"image":{"@id":"https:\/\/www.leoia.fr\/#\/schema\/logo\/image\/"},"sameAs":["https:\/\/www.linkedin.com\/in\/antoine-coquillon-7a426260\/"]}]}},"jetpack_sharing_enabled":true,"_links":{"self":[{"href":"https:\/\/www.leoia.fr\/index.php?rest_route=\/wp\/v2\/pages\/255","targetHints":{"allow":["GET"]}}],"collection":[{"href":"https:\/\/www.leoia.fr\/index.php?rest_route=\/wp\/v2\/pages"}],"about":[{"href":"https:\/\/www.leoia.fr\/index.php?rest_route=\/wp\/v2\/types\/page"}],"author":[{"embeddable":true,"href":"https:\/\/www.leoia.fr\/index.php?rest_route=\/wp\/v2\/users\/1"}],"replies":[{"embeddable":true,"href":"https:\/\/www.leoia.fr\/index.php?rest_route=%2Fwp%2Fv2%2Fcomments&post=255"}],"version-history":[{"count":4,"href":"https:\/\/www.leoia.fr\/index.php?rest_route=\/wp\/v2\/pages\/255\/revisions"}],"predecessor-version":[{"id":619,"href":"https:\/\/www.leoia.fr\/index.php?rest_route=\/wp\/v2\/pages\/255\/revisions\/619"}],"wp:attachment":[{"href":"https:\/\/www.leoia.fr\/index.php?rest_route=%2Fwp%2Fv2%2Fmedia&parent=255"}],"curies":[{"name":"wp","href":"https:\/\/api.w.org\/{rel}","templated":true}]}}