{"id":230,"date":"2018-04-15T18:57:27","date_gmt":"2018-04-15T16:57:27","guid":{"rendered":"http:\/\/www.leoia.fr\/?page_id=230"},"modified":"2025-01-27T22:47:13","modified_gmt":"2025-01-27T21:47:13","slug":"le-liberal","status":"publish","type":"page","link":"https:\/\/www.leoia.fr\/?page_id=230","title":{"rendered":"Le lib\u00e9ral"},"content":{"rendered":"<p>L\u2019ergoth\u00e9rapeute en lib\u00e9ral est disponible sur l\u2019ensemble de vos lieux de vie et dispose d\u2019horaires flexibles notamment pour \u00eatre pr\u00e9sent lors de r\u00e9union pluridisciplinaire. Il s\u2019adapte \u00e0 vos contraintes et \u00e0 vos habitudes de vie.<\/p>\n<p>Il peut intervenir dans le confort de votre foyer pour r\u00e9pondre au plus pr\u00e8s \u00e0 votre demande en r\u00e9alisant des mises en situation \u00e9cologique et vous \u00e9viter des d\u00e9placements fastidieux ou qui peuvent \u00eatre probl\u00e9matique en fonction de votre ou de vos atteintes.<\/p>\n<p>Selon l&rsquo;<a href=\"http:\/\/www.legifrance.gouv.fr\/WAspad\/UnArticleDeCode?code=CSANPUNL.rcv&amp;art=L1110-8\">article L1110-8<\/a> du code de la sant\u00e9 publique (ins\u00e9r\u00e9 par Loi n\u00ba 2002-303 du 4 mars 2002 art. 9 Journal Officiel du 5 mars 2002) : <strong>Le droit du malade au libre choix de son praticien et de son \u00e9tablissement de sant\u00e9 est un principe fondamental de la l\u00e9gislation sanitaire.<\/strong><\/p>\n<h6>Les accompagnements sont individuels, confidentiels et respectent le secret m\u00e9dical.<\/h6>\n\n\n<p><strong>Retrouvez-moi&nbsp;:<\/strong><\/p>\n\n\n\n<p>Antoine COQUILLON<br>Ergoth\u00e9rapeute D.E.<br>D.U. Neuropsychologie de l&rsquo;Enfant et Troubles de l&rsquo;apprentissage<\/p>\n\n\n\n<p>Ergoth\u00e9rapeute Niveau Haute Ecole Sp\u00e9cialis\u00e9e, degr\u00e9 tertiaire (ISCED 6), Suisse<\/p>\n\n\n\n<p><\/p>\n\n\n\n<p><strong>T\u00e9l\u00e9phone<\/strong><br><strong>06.65.69.76.12<\/strong><\/p>\n\n\n<p><!--EndFragment--><\/p>","protected":false},"excerpt":{"rendered":"<p>L\u2019ergoth\u00e9rapeute en lib\u00e9ral est disponible sur l\u2019ensemble de vos lieux de vie et dispose d\u2019horaires flexibles notamment pour \u00eatre pr\u00e9sent lors de r\u00e9union pluridisciplinaire. Il s\u2019adapte \u00e0 vos contraintes et \u00e0 vos habitudes de vie. Il peut intervenir dans le confort de votre foyer pour r\u00e9pondre au plus pr\u00e8s \u00e0 votre demande en r\u00e9alisant des [&hellip;]<\/p>\n","protected":false},"author":1,"featured_media":0,"parent":0,"menu_order":0,"comment_status":"closed","ping_status":"closed","template":"","meta":{"footnotes":""},"class_list":["post-230","page","type-page","status-publish","hentry"],"yoast_head":"<!-- This site is optimized with the Yoast SEO plugin v27.4 - https:\/\/yoast.com\/product\/yoast-seo-wordpress\/ -->\n<title>Le lib\u00e9ral &#8902; Vers la sant\u00e9, l&#039;\u00e9ducation et le bien-\u00eatre au quotidien<\/title>\n<meta name=\"robots\" content=\"index, follow, max-snippet:-1, max-image-preview:large, max-video-preview:-1\" \/>\n<link rel=\"canonical\" href=\"https:\/\/www.leoia.fr\/?page_id=230\" \/>\n<meta property=\"og:locale\" content=\"fr_FR\" \/>\n<meta property=\"og:type\" content=\"article\" \/>\n<meta property=\"og:title\" content=\"Le lib\u00e9ral &#8902; Vers la sant\u00e9, l&#039;\u00e9ducation et le bien-\u00eatre au quotidien\" \/>\n<meta property=\"og:description\" content=\"L\u2019ergoth\u00e9rapeute en lib\u00e9ral est disponible sur l\u2019ensemble de vos lieux de vie et dispose d\u2019horaires flexibles notamment pour \u00eatre pr\u00e9sent lors de r\u00e9union pluridisciplinaire. Il s\u2019adapte \u00e0 vos contraintes et \u00e0 vos habitudes de vie. Il peut intervenir dans le confort de votre foyer pour r\u00e9pondre au plus pr\u00e8s \u00e0 votre demande en r\u00e9alisant des [&hellip;]\" \/>\n<meta property=\"og:url\" content=\"https:\/\/www.leoia.fr\/?page_id=230\" \/>\n<meta property=\"og:site_name\" content=\"Vers la sant\u00e9, l&#039;\u00e9ducation et le bien-\u00eatre au quotidien\" \/>\n<meta property=\"article:modified_time\" content=\"2025-01-27T21:47:13+00:00\" \/>\n<meta name=\"twitter:card\" content=\"summary_large_image\" \/>\n<meta name=\"twitter:label1\" content=\"Dur\u00e9e de lecture estim\u00e9e\" \/>\n\t<meta name=\"twitter:data1\" content=\"1 minute\" \/>\n<script type=\"application\/ld+json\" class=\"yoast-schema-graph\">{\"@context\":\"https:\\\/\\\/schema.org\",\"@graph\":[{\"@type\":\"WebPage\",\"@id\":\"https:\\\/\\\/www.leoia.fr\\\/?page_id=230\",\"url\":\"https:\\\/\\\/www.leoia.fr\\\/?page_id=230\",\"name\":\"Le lib\u00e9ral &#8902; Vers la sant\u00e9, l&#039;\u00e9ducation et le bien-\u00eatre au quotidien\",\"isPartOf\":{\"@id\":\"https:\\\/\\\/www.leoia.fr\\\/#website\"},\"datePublished\":\"2018-04-15T16:57:27+00:00\",\"dateModified\":\"2025-01-27T21:47:13+00:00\",\"breadcrumb\":{\"@id\":\"https:\\\/\\\/www.leoia.fr\\\/?page_id=230#breadcrumb\"},\"inLanguage\":\"fr-FR\",\"potentialAction\":[{\"@type\":\"ReadAction\",\"target\":[\"https:\\\/\\\/www.leoia.fr\\\/?page_id=230\"]}]},{\"@type\":\"BreadcrumbList\",\"@id\":\"https:\\\/\\\/www.leoia.fr\\\/?page_id=230#breadcrumb\",\"itemListElement\":[{\"@type\":\"ListItem\",\"position\":1,\"name\":\"Accueil\",\"item\":\"https:\\\/\\\/www.leoia.fr\\\/\"},{\"@type\":\"ListItem\",\"position\":2,\"name\":\"Le lib\u00e9ral\"}]},{\"@type\":\"WebSite\",\"@id\":\"https:\\\/\\\/www.leoia.fr\\\/#website\",\"url\":\"https:\\\/\\\/www.leoia.fr\\\/\",\"name\":\"Vers le bien-\u00eatre au quotidien\",\"description\":\"L&#039;ErgOth\u00e9rapie, l&#039;Ind\u00e9pendance et l&#039;Autonomie\",\"publisher\":{\"@id\":\"https:\\\/\\\/www.leoia.fr\\\/#organization\"},\"potentialAction\":[{\"@type\":\"SearchAction\",\"target\":{\"@type\":\"EntryPoint\",\"urlTemplate\":\"https:\\\/\\\/www.leoia.fr\\\/?s={search_term_string}\"},\"query-input\":{\"@type\":\"PropertyValueSpecification\",\"valueRequired\":true,\"valueName\":\"search_term_string\"}}],\"inLanguage\":\"fr-FR\"},{\"@type\":\"Organization\",\"@id\":\"https:\\\/\\\/www.leoia.fr\\\/#organization\",\"name\":\"Leoia\",\"url\":\"https:\\\/\\\/www.leoia.fr\\\/\",\"logo\":{\"@type\":\"ImageObject\",\"inLanguage\":\"fr-FR\",\"@id\":\"https:\\\/\\\/www.leoia.fr\\\/#\\\/schema\\\/logo\\\/image\\\/\",\"url\":\"https:\\\/\\\/www.leoia.fr\\\/wp-content\\\/uploads\\\/2018\\\/05\\\/logo-Copie.jpg\",\"contentUrl\":\"https:\\\/\\\/www.leoia.fr\\\/wp-content\\\/uploads\\\/2018\\\/05\\\/logo-Copie.jpg\",\"width\":421,\"height\":298,\"caption\":\"Leoia\"},\"image\":{\"@id\":\"https:\\\/\\\/www.leoia.fr\\\/#\\\/schema\\\/logo\\\/image\\\/\"},\"sameAs\":[\"https:\\\/\\\/www.linkedin.com\\\/in\\\/antoine-coquillon-7a426260\\\/\"]}]}<\/script>\n<!-- \/ Yoast SEO plugin. -->","yoast_head_json":{"title":"Le lib\u00e9ral &#8902; Vers la sant\u00e9, l&#039;\u00e9ducation et le bien-\u00eatre au quotidien","robots":{"index":"index","follow":"follow","max-snippet":"max-snippet:-1","max-image-preview":"max-image-preview:large","max-video-preview":"max-video-preview:-1"},"canonical":"https:\/\/www.leoia.fr\/?page_id=230","og_locale":"fr_FR","og_type":"article","og_title":"Le lib\u00e9ral &#8902; Vers la sant\u00e9, l&#039;\u00e9ducation et le bien-\u00eatre au quotidien","og_description":"L\u2019ergoth\u00e9rapeute en lib\u00e9ral est disponible sur l\u2019ensemble de vos lieux de vie et dispose d\u2019horaires flexibles notamment pour \u00eatre pr\u00e9sent lors de r\u00e9union pluridisciplinaire. Il s\u2019adapte \u00e0 vos contraintes et \u00e0 vos habitudes de vie. Il peut intervenir dans le confort de votre foyer pour r\u00e9pondre au plus pr\u00e8s \u00e0 votre demande en r\u00e9alisant des [&hellip;]","og_url":"https:\/\/www.leoia.fr\/?page_id=230","og_site_name":"Vers la sant\u00e9, l&#039;\u00e9ducation et le bien-\u00eatre au quotidien","article_modified_time":"2025-01-27T21:47:13+00:00","twitter_card":"summary_large_image","twitter_misc":{"Dur\u00e9e de lecture estim\u00e9e":"1 minute"},"schema":{"@context":"https:\/\/schema.org","@graph":[{"@type":"WebPage","@id":"https:\/\/www.leoia.fr\/?page_id=230","url":"https:\/\/www.leoia.fr\/?page_id=230","name":"Le lib\u00e9ral &#8902; Vers la sant\u00e9, l&#039;\u00e9ducation et le bien-\u00eatre au quotidien","isPartOf":{"@id":"https:\/\/www.leoia.fr\/#website"},"datePublished":"2018-04-15T16:57:27+00:00","dateModified":"2025-01-27T21:47:13+00:00","breadcrumb":{"@id":"https:\/\/www.leoia.fr\/?page_id=230#breadcrumb"},"inLanguage":"fr-FR","potentialAction":[{"@type":"ReadAction","target":["https:\/\/www.leoia.fr\/?page_id=230"]}]},{"@type":"BreadcrumbList","@id":"https:\/\/www.leoia.fr\/?page_id=230#breadcrumb","itemListElement":[{"@type":"ListItem","position":1,"name":"Accueil","item":"https:\/\/www.leoia.fr\/"},{"@type":"ListItem","position":2,"name":"Le lib\u00e9ral"}]},{"@type":"WebSite","@id":"https:\/\/www.leoia.fr\/#website","url":"https:\/\/www.leoia.fr\/","name":"Vers le bien-\u00eatre au quotidien","description":"L&#039;ErgOth\u00e9rapie, l&#039;Ind\u00e9pendance et l&#039;Autonomie","publisher":{"@id":"https:\/\/www.leoia.fr\/#organization"},"potentialAction":[{"@type":"SearchAction","target":{"@type":"EntryPoint","urlTemplate":"https:\/\/www.leoia.fr\/?s={search_term_string}"},"query-input":{"@type":"PropertyValueSpecification","valueRequired":true,"valueName":"search_term_string"}}],"inLanguage":"fr-FR"},{"@type":"Organization","@id":"https:\/\/www.leoia.fr\/#organization","name":"Leoia","url":"https:\/\/www.leoia.fr\/","logo":{"@type":"ImageObject","inLanguage":"fr-FR","@id":"https:\/\/www.leoia.fr\/#\/schema\/logo\/image\/","url":"https:\/\/www.leoia.fr\/wp-content\/uploads\/2018\/05\/logo-Copie.jpg","contentUrl":"https:\/\/www.leoia.fr\/wp-content\/uploads\/2018\/05\/logo-Copie.jpg","width":421,"height":298,"caption":"Leoia"},"image":{"@id":"https:\/\/www.leoia.fr\/#\/schema\/logo\/image\/"},"sameAs":["https:\/\/www.linkedin.com\/in\/antoine-coquillon-7a426260\/"]}]}},"jetpack_sharing_enabled":true,"_links":{"self":[{"href":"https:\/\/www.leoia.fr\/index.php?rest_route=\/wp\/v2\/pages\/230","targetHints":{"allow":["GET"]}}],"collection":[{"href":"https:\/\/www.leoia.fr\/index.php?rest_route=\/wp\/v2\/pages"}],"about":[{"href":"https:\/\/www.leoia.fr\/index.php?rest_route=\/wp\/v2\/types\/page"}],"author":[{"embeddable":true,"href":"https:\/\/www.leoia.fr\/index.php?rest_route=\/wp\/v2\/users\/1"}],"replies":[{"embeddable":true,"href":"https:\/\/www.leoia.fr\/index.php?rest_route=%2Fwp%2Fv2%2Fcomments&post=230"}],"version-history":[{"count":13,"href":"https:\/\/www.leoia.fr\/index.php?rest_route=\/wp\/v2\/pages\/230\/revisions"}],"predecessor-version":[{"id":670,"href":"https:\/\/www.leoia.fr\/index.php?rest_route=\/wp\/v2\/pages\/230\/revisions\/670"}],"wp:attachment":[{"href":"https:\/\/www.leoia.fr\/index.php?rest_route=%2Fwp%2Fv2%2Fmedia&parent=230"}],"curies":[{"name":"wp","href":"https:\/\/api.w.org\/{rel}","templated":true}]}}